0 a multiple of 12?
False
Does 101 divide 289198956?
True
Does 88 divide 155992056?
True
Is 12512033 a multiple of 246?
False
Does 330 divide 604099932?
False
Is 1777 a factor of 128855601?
True
Does 257 divide 154608602?
False
Is 683 a factor of 26753110?
True
Does 39 divide 385725015?
True
Is 721 a factor of 65963606?
False
Is 84734392 a multiple of 46?
True
Is 173890926 a multiple of 66?
True
Is 1241 a factor of 96631706?
True
Is 16 a factor of 138474544?
True
Is 41 a factor of 83976838?
False
Is 642 a factor of 337809016?
False
Is 834114689 a multiple of 75?
False
Does 655 divide 9131355?
True
Is 13 a factor of 903591884?
True
Is 15224586 a multiple of 19?
True
Is 8976341559 a multiple of 1868?
False
Is 46 a factor of 34444846?
True
Does 2223 divide 467443548?
True
Is 5599 a factor of 184251892?
True
Is 209 a factor of 65662843?
False
Is 665604171 a multiple of 42?
False
Is 804 a factor of 327656532?
True
Is 11 a factor of 84898495?
True
Does 21 divide 1054595558?
False
Does 206 divide 136964250?
True
Is 7730 a factor of 1149361390?
False
Does 32 divide 25631872?
True
Is 72 a factor of 28699902?
False
Does 400 divide 96537200?
True
Does 336 divide 6951168?
True
Does 24 divide 49331322?
False
Is 1371 a factor of 14743734?
True
Is 1056501680 a multiple of 862?
True
Does 615 divide 2991740685?
True
Does 86 divide 841845012?
False
Is 111 a factor of 1075536537?
False
Is 1989809700 a multiple of 30?
True
Is 112 a factor of 615002416?
True
Does 8 divide 73303864?
True
Does 527 divide 6775973?
False
Is 18 a factor of 1789101799?
False
Is 1256866472 a multiple of 144?
False
Is 535 a factor of 212754520?
True
Is 16 a factor of 1435136?
True
Does 86 divide 52517375?
False
Is 44601 a multiple of 5?
False
Does 4 divide 32186520?
True
Does 57 divide 193687274?
False
Does 17 divide 201499504?
True
Is 438 a factor of 1148652372?
True
Is 1295169824 a multiple of 416?
True
Does 89 divide 188950649?
True
Does 3537 divide 62505864?
True
Is 38 a factor of 1198263141?
False
Is 1827 a factor of 328807017?
True
Is 1687 a factor of 30483456?
False
Does 1326 divide 26514556?
False
Is 16 a factor of 1704242?
False
Is 760975782 a multiple of 147?
True
Is 7162 a factor of 320612299?
False
Does 35 divide 25208295?
True
Is 149 a factor of 347244947?
True
Does 133 divide 1037567580?
True
Is 666441169 a multiple of 19?
True
Is 265 a factor of 2302351?
False
Does 15 divide 462578295?
True
Does 14 divide 63316118?
False
Is 69 a factor of 160360554?
True
Is 792 a factor of 22401681?
False
Is 40 a factor of 385568126?
False
Is 684951102 a multiple of 18?
True
Is 7574512 a multiple of 176?
True
Is 1786 a factor of 6138807430?
False
Is 1597548675 a multiple of 37?
False
Does 27 divide 366337858?
False
Is 273854980 a multiple of 28?
True
Is 320053168 a multiple of 20?
False
Does 14 divide 78313046?
True
Does 8 divide 24173578?
False
Does 14 divide 4564164724?
True
Is 29 a factor of 11532771?
False
Does 22 divide 267256313?
False
Does 237 divide 201816165?
True
Is 11 a factor of 845989221?
True
Does 299 divide 27401855?
True
Does 9401 divide 2188723741?
False
Does 38 divide 28955810?
True
Is 9159200 a multiple of 428?
True
Does 107 divide 96897274?
True
Is 1754 a factor of 297538036?
True
Is 5 a factor of 2728678555?
True
Is 13 a factor of 7420594550?
False
Does 31 divide 313524762?
True
Is 477532379 a multiple of 695?
False
Is 952292999 a multiple of 49?
True
Does 324 divide 317535000?
False
Is 10643634 a multiple of 1623?
True
Is 6315326 a multiple of 278?
True
Does 99 divide 91755179?
False
Is 1143597800 a multiple of 40?
True
Is 35623486 a multiple of 643?
True
Is 6920529 a multiple of 77?
True
Is 704456583 a multiple of 291?
True
Is 72 a factor of 307904347?
False
Is 8241 a factor of 1801466118?
True
Is 8046687 a multiple of 33?
True
Is 644 a factor of 588545388?
False
Is 591 a factor of 42909957?
False
Does 39 divide 181232025?
True
Is 3291692163 a multiple of 8991?
False
Does 106 divide 15929680?
True
Is 92 a factor of 172188764?
True
Is 659 a factor of 13500933?
True
Is 185847876 a multiple of 9?
True
Is 149788221 a multiple of 3113?
True
Does 477 divide 493332570?
False
Does 167 divide 8597661?
True
Is 187701002 a multiple of 12?
False
Is 20 a factor of 2712312123?
False
Does 326 divide 47787732?
False
Is 22162973 a multiple of 2?
False
Does 2878 divide 11926967?
False
Is 165263 a multiple of 69?
False
Does 782 divide 250201682?
True
Does 350 divide 598174569?
False
Is 12947850 a multiple of 30?
True
Is 924 a factor of 1693127436?
True
Does 195 divide 21839415?
True
Is 1337085053 a multiple of 567?
False
Does 195 divide 18381870?
True
Does 383 divide 77026125?
False
Does 238 divide 7848288?
True
Is 288 a factor of 284164992?
True
Is 1821246 a multiple of 6?
True
Is 306 a factor of 50184860?
False
Does 12 divide 9482643839?
False
Does 2684 divide 60585932?
True
Is 343292632 a multiple of 8?
True
Does 7 divide 160568716?
True
Does 2 divide 157493425?
False
Is 36 a factor of 19663056?
True
Does 24 divide 1807469951?
False
Is 140604303 a multiple of 13?
False
Is 67 a factor of 1729203?
True
Does 21 divide 176506310?
False
Does 24 divide 634412568?
True
Is 127127676 a multiple of 576?
False
Is 6694 a factor of 1550270154?
True
Is 2063728 a multiple of 61?
False
Is 21 a factor of 4726953?
True
Is 1289277529 a multiple of 845?
False
Does 144 divide 15083017?
False
Does 30 divide 481507290?
True
Does 4019 divide 364458996?
True
Is 87942888 a multiple of 9?
True
Is 913591770 a multiple of 46?
False
Is 4210 a factor of 111468170?
True
Is 76157172 a multiple of 1134?
True
Is 89380668 a multiple of 58?
True
Does 4791 divide 76049351?
False
Is 4 a factor of 41425408?
True
Is 52 a factor of 44902753?
False
Is 21 a factor of 2905062342?
True
Is 1437 a factor of 303333456?
True
Is 99 a factor of 33118866?
True
Does 2470 divide 61157336?
False
Does 1741 divide 37691405?
False
Is 4773516 a multiple of 11?
True
Is 143297222 a multiple of 1789?
False
Is 6 a factor of 21194562?
True
Is 2888355112 a multiple of 4072?
True
Is 177890195 a multiple of 335?
False
Does 6 divide 182381040?
True
Is 234383688 a multiple of 3752?
True
Does 1033 divide 607539323?
True
Is 5 a factor of 11026350?
True
Does 19 divide 3390929829?
True
Is 9 a factor of 3872941364?
False
Is 7827 a factor of 499667866?
False
Does 772 divide 29205510?
False
Is 7 a factor of 43267131?
False
Is 5734 a factor of 1132948055?
False
Does 39 divide 27017913?
True
Is 434 a factor of 7363678?
True
Is 26 a factor of 4291078?
False
Is 1076 a factor of 4430860?
False
Does 62 divide 15615427?
False
Is 281024978 a multiple of 13?
True
Is 14008299 a multiple of 257?
True
Is 2 a factor of 11380331?
False
Does 349 divide 46629541?
True
Does 148 divide 66778488?
True
Is 2 a factor of 1488633?
False
Is 72072928 a multiple of 8?
True
Does 4 divide 256335158?
False
Is 1103 a factor of 2224166?
False
Is 552125500 a multiple of 25?
True
Is 669640737 a multiple of 327?
True
Is 122653155 a multiple of 15?
True
Does 437 divide 27127212?
True
Is 1215 a factor of 281466900?
True
Does 56 divide 15570576?
True
Is 4151150 a multiple of 10?
True
Is 83057275 a multiple of 1307?
False
Does 4 divide 148309708?
True
Is 9784368 a multiple of 99?
True
Is 2302517389 a multiple of 61?
False
Does 10842 divide 1823873766?
True
Does 13 divide 62605964?
False
Is 22589770 a multiple of 126?
False
Is 4201 a factor of 47836787?
True
Does 881 divide 18586457?
True
Is 24 a factor of 8688024?
True
Is 88 a factor of 17473720?
True
Is 47327040 a multiple of 15?
True
Is 15740488 a multiple of 94?
True
Is 42105043 a multiple of 24?
False
Is 4114190976 a multiple of 5248?
False
Does 63 divide 820727964?
True
Is 201 a factor of 5499360?
True
Is 3848170490 a multiple of 17932?
False
Does 1090 divide 30550253?
False
Is 14614676 a multiple of 266?
False
Does 98 divide 88808580?
True
Does 24 divide 274325160?
True
Does 85 divide 1001385?
True
Is 1056 a factor of 23786345?
False
Is 1289 a factor of 507703413?
False
Is 457 a factor of 18592485?
False
Is 8 a factor of 182492816?
True
Is 94255380 a multiple of 345?
True
Does 8 divide 3180720?
True
Is 2359496466 a multiple of 81?
True
Does 305 divide 1777235?
True
Is 114 a factor of 153049585?
False
Does 3 divide 83305566?
True
Does 4